e 3*q + 25 = n, -4*q = 3*n - 151 + 11. What is the greatest common factor of n and 16?
8
Let t = 137 + 39. Calculate the highest common factor of 11 and t.
11
Suppose -4*m = -4*x + 292, 0 = 2*x + 7*m - 5*m - 134. Let f be ((-2)/(2/5))/((-12)/24). Calculate the highest common factor of f and x.
10
Suppose -3*q = q - 144. Let a(t) = -8 - 5 + 14 + t. Let g be a(3). Calculate the highest common divisor of g and q.
4
Suppose a - 3 = -2. Let o(c) = 2*c. Let q be o(a). What is the greatest common factor of q and 3?
1
Let y(f) = 3*f - 9. Let q be y(6). Suppose -5*d + q = -16. Suppose 0 = d*o - 64 - 321. What is the greatest common factor of o and 7?
7
Let t(s) = -s + 7. Let l be t(6). Let q be -2*86/(-4) + l. Calculate the greatest common factor of q and 11.
11
Let l(o) = -o**3 + 10*o**2 - 19*o - 5. Let t be l(7). Calculate the greatest common divisor of 9 and t.
9
Let x be 75/30*64/10. What is the highest common divisor of 8 and x?
8
Let m = 12 - -108. What is the greatest common factor of 48 and m?
24
Suppose -2*q - 5 = 3*q - h, 23 = q - 5*h. Let y be 4/(-2) + (2 - q). Calculate the highest common factor of y and 8.
2
Let h = 5 - 9. Let z(n) = 5*n**2 + 5*n + 4. Let g be z(h). What is the highest common factor of g and 8?
8
Suppose 0 = i + i + s - 18, 3*s - 21 = -3*i. What is the greatest common divisor of 22 and i?
11
Let c be 3 - 5 - (-18)/(-1). Let n = c - -13. Let b(u) = u**2 + 3*u - 8. Let x be b(n). What is the greatest common factor of x and 80?
20
Let y be 1*(3 + -6 - -17). What is the greatest common divisor of 56 and y?
14
Let v(o) = -2*o**2 - 2*o. Let k be v(2). Let j = -6 - k. Calculate the highest common divisor of j and 6.
6
Suppose 0 = -7*s + 2*s + 15. Suppose -123 - 102 = -s*y. What is the highest common divisor of y and 15?
15
Let o(r) = 24*r + 4. Let l be o(-2). Let b = l + 128. What is the greatest common divisor of b and 12?
12
Suppose -6*c = -2*c - 24. Let q be (-2 + -3)/(0 - 1). Suppose -c*w + r = -w - 64, q*r = -20. What is the greatest common factor of w and 6?
6
Suppose 3*d - 2*d = 0. Suppose -l = -2*k - 15, 0 = -d*k + 4*k - 4. Suppose -4*x - 1 = -l. What is the greatest common factor of x and 6?
2
Let p = -5 + 12. Calculate the greatest common divisor of p and 42.
7
Suppose -x + 33 = 4*h, 5*x + 3*h - 50 = 6*h. Calculate the greatest common factor of x and 52.
13
Suppose -18 = -3*b + 2*b. Suppose b - 2 = 2*c. Calculate the greatest common divisor of 4 and c.
4
Let a be (-2)/(-8) - (-135)/36. Calculate the highest common divisor of 8 and a.
4
Suppose 110 = -2*v - h, 5*v + 286 = h + 2*h. Let c = 91 + v. Let b be c*((-1)/(-1) - 0). Calculate the greatest common factor of 5 and b.
5
Let b(p) = -49*p - 1. Suppose f - 4*f - 3 = 0. Let z be b(f). Suppose 2*x + 2*x - z = 0. Calculate the highest common divisor of x and 48.
12
Let d be 1 + -2 + (-2 - -19). Calculate the greatest common divisor of 112 and d.
16
Let v(z) = z + 8. Let p be ((-7)/(-2)*2)/1. Let l be v(p). Let n(r) = r**2 - r - 2. Let c be n(4). What is the highest common divisor of l and c?
5
Let t be 50754/231 - (-2)/7. Calculate the highest common divisor of t and 20.
20
Suppose -3 + 15 = 3*n. Suppose 384 = -0*w + n*w. What is the greatest common factor of w and 12?
12
Let y = 8 - 5. Let u = -2 + 5. Calculate the greatest common divisor of u and y.
3
Let c = 20 - 9. What is the highest common factor of 77 and c?
11
Let v(q) = q**3 + 40. Let x be v(0). Let b be 1/((-2)/(-12)*3). Suppose -3*w + 5*w = b*s - 14, -2 = w. What is the highest common divisor of s and x?
5
Let s be 8/((-2)/10 + (-21)/(-30)). What is the greatest common divisor of s and 64?
16
Suppose -3*t + 1 = -2*t. What is the greatest common factor of 7 and t?
1
Let h be (1 - (-3 + 2)) + 19. Suppose -56 = -4*l + 4*q, -2*l = q - 4*q - 28. Calculate the greatest common factor of l and h.
7
Suppose 5*h = 98 + 52. Let t = 6 + h. Calculate the greatest common factor of 12 and t.
12
Suppose v = 7 - 1. Let j be (-9)/(-6)*64/v. Suppose -4*c - 3*h = -172, h - j = -3*h. What is the greatest common divisor of c and 20?
20
Let q be -9 + (0/1 - 1). Let l be 10/(-25) - 144/q. Let r be (3 + -1)*35/2. Calculate the highest common factor of l and r.
7
Suppose -5*h - 8 - 7 = 0, 5*h = 2*i - 673. What is the highest common divisor of i and 47?
47
Let i(z) = -2*z + 12. Let f be i(5). Suppose -g - 2*c - f = 0, 2*g - c - c = 26. What is the greatest common factor of g and 72?
8
Let g(n) = n - 7. Let u(i) = -1. Let k(v) = 2*g(v) - 10*u(v). Let z be k(4). What is the greatest common factor of 4 and z?
4
Let n be 0 - (0 - -6)/(-2). Suppose -n*m = -4*t - 24, 2*m - 2*t - 27 = -11. Suppose 5*c - 6 = -1. What is the greatest common factor of c and m?
1
Let c(p) = -p**2 - 5*p - 4. Let g be c(-3). Let h(s) = 3*s + 2*s**g + s**2 + 2 + s. Let y be h(-2). Calculate the greatest common divisor of y and 30.
6
Let t be 1 + ((-6)/3 - -1). Suppose 0 = -t*d + 2*d - 90. Calculate the highest common divisor of 5 and d.
5
Let b(i) = -i**2 + 5*i - 1. Let v be b(4). Suppose v*y + 4*p - 50 = 0, 2*y + 5*p = 3 + 42. What is the highest common divisor of 90 and y?
10
Let v(o) = -o**2 + o + 4. Let h be v(2). What is the highest common divisor of 2 and h?
2
Suppose -16*z + 10 = -134. Calculate the greatest common factor of 27 and z.
9
Suppose 4*w = h + 4, 3 = w + 2*h - 7. Suppose w*j + 0*j - 6 = 0. Let a(x) = 10*x**2 - x. Let s be a(1). What is the highest common factor of j and s?
3
Suppose m = -5*i + 4, -5*i + 2*m + 6 = m. Let l = 0 + i. Let h = l - -10. What is the greatest common factor of h and 11?
11
Let q(h) = h**2 - 6*h + 6. Let v be q(4). Let w(g) = 9*g**2 - g + 1. Let x be w(v). Let s = x + 11. What is the highest common divisor of s and 25?
25
Let q(t) = 3*t**2 - 2*t + 4. Let v be q(4). Suppose 2*y = 5*d + 12, 4*y + 0*d = -3*d + 50. What is the highest common divisor of v and y?
11
Let h be -45*3*10/(-75). Calculate the greatest common factor of 45 and h.
9
Suppose -h = -5*h + 308. Suppose -d - y + 69 = -5*y, d - h = -4*y. Suppose 0 = -3*v - 1 + d. Calculate the highest common factor of v and 36.
12
Suppose -6 = 2*l - 4*l. Suppose -3*f = 5*q - 22, 5*f - 5*q - 13 + l = 0. Calculate the highest common divisor of f and 4.
4
Let w(o) = o**3 + 10*o**2 - 12*o - 6. Let b be w(-11). Let z(p) = -3*p + 10. Let t be z(-10). Calculate the highest common factor of t and b.
5
Suppose -4*y + 111 + 49 = 0. What is the greatest common divisor of y and 16?
8
Let z(p) = -3*p**3 + 2*p**3 + 6*p**2 + 2 + 4*p + 2. Let f be z(6). Suppose t - 12 = -2*t. Calculate the highest common factor of t and f.
4
Let s(n) = -n**2 - 2*n + 9. Let z be s(0). Calculate the greatest common factor of z and 3.
3
Let t(f) = -f**2 - 20*f - 3. Let s be t(-17). What is the highest common divisor of 72 and s?
24
Suppose 8 = -4*n + 4*s, -2*n + n - 5*s = -10. Suppose n = -k - k + 88. Suppose -4*j - 12 + k = 0. What is the greatest common divisor of 8 and j?
8
Let x(v) = -2*v - v - 5 - 6*v**2 - v**2. Let d be x(-4). Let w be ((-2)/(-3))/((-10)/d). What is the highest common factor of 28 and w?
7
Suppose -d + 11 = -2*n - 0*n, 2*n + 13 = 3*d. Let z be (-2 - (-18)/(-15))*n. What is the greatest common factor of 40 and z?
8
Suppose -690 = -3*u - 3*x, 3*x + 0*x - 15 = 0. Suppose -6*h - u = c - h, -2*h - 6 = 0. Let q = -111 - c. What is the greatest common divisor of q and 11?
11
Let x be 79/8 - (90/48 - 2). Suppose 5*d = -5*g + 933 + 487, 3*g - 1414 = -5*d. Let j be d/4 - (-3)/(-12). What is the highest common divisor of x and j?
10
Let b(z) = 5*z + 14. Let s(k) = 2*k + 7. Let j(l) = -3*b(l) + 7*s(l). Let w be j(8). Let g = w + 6. Calculate the greatest common factor of g and 25.
5
Let a = 185 - 108. What is the highest common factor of 11 and a?
11
Let p = -16 - -29. Calculate the highest common factor of p and 208.
13
Suppose -4*p = 5*b - 50, -2*b + p = -3*p + 8. Calculate the greatest common divisor of b and 6.
6
Suppose 0 = 2*m + 4*s - 40, 3*m + 3*s = 15 + 30. Suppose 2*b + 0*b = m. What is the greatest common divisor of b and 2?
1
Suppose 3*h - 6*h - 63 = 0. Let c be (1 - h/(-15))*-110. What is the greatest common divisor of c and 110?
22
Suppose -9 = -3*i - 0*i. Suppose 4*n - n - 6 = 0. Suppose i*w + 29 = -n*s + 4*s, 15 = -5*w. Calculate the greatest common divisor of 15 and s.
5
Let i(f) = -4